{"id":3091,"date":"2023-01-23T09:26:18","date_gmt":"2023-01-23T08:26:18","guid":{"rendered":"https:\/\/ott.tu.kielce.pl\/?page_id=3091"},"modified":"2023-09-29T10:08:00","modified_gmt":"2023-09-29T08:08:00","slug":"regulamin","status":"publish","type":"page","link":"https:\/\/ott.tu.kielce.pl\/?page_id=3091","title":{"rendered":"Regulamin"},"content":{"rendered":"<p><a href=\"https:\/\/ott.tu.kielce.pl\/regulamin\/regulamin-zarzadzania-prawami-autorskimi-zal-do-uch_s_176_22_\/\" rel=\"attachment wp-att-3095\">Regulamin zarz\u0105dzania prawami autorskimi, prawami pokrewnymi i prawami w\u0142asno\u015bci przemys\u0142owej oraz zasad komercjalizacji<\/a><\/p>\n<p><em>Za\u0142\u0105czniki do Regulaminu<\/em>:<\/p>\n<p><a href=\"https:\/\/ott.tu.kielce.pl\/wp-content\/uploads\/2023\/09\/Zarz_R_18_23_zalacznik-nr-1.doc\">1. Formularz zg\u0142oszenia dobra intelektualnego do ochrony<\/a><\/p>\n<p><a href=\"https:\/\/ott.tu.kielce.pl\/wp-content\/uploads\/2023\/09\/Zarz_R_18_23_zalacznik_nr-2.docx\">2. Formularz zg\u0142oszenia dobra intelektualnego do komercjalizacji<\/a><\/p>\n<p><a href=\"https:\/\/ott.tu.kielce.pl\/wp-content\/uploads\/2023\/09\/Zarz_R_18_23_zalacznik-nr-3.docx\">3. Wniosek o utrzymanie\/zaprzestanie ochrony dobra intelektualnego<\/a><\/p>\n<p><a href=\"https:\/\/ott.tu.kielce.pl\/wp-content\/uploads\/2023\/09\/Zarz_R_18_23_zalacznik-nr-4.doc\">4. Oferta przeniesienia praw do dobra intelektualnego<\/a><\/p>\n<p><a href=\"https:\/\/ott.tu.kielce.pl\/wp-content\/uploads\/2023\/09\/Zarz_R_18_23_zalacznik-nr-5.doc\">5. Umowa o partycypacji w \u015brodkach z komercjalizacji<\/a><\/p>\n<p><a href=\"https:\/\/ott.tu.kielce.pl\/wp-content\/uploads\/2023\/09\/Zarz_R_18_23_zalacznik-nr-6.doc\">6. O\u015bwiadczenie<\/a><\/p>\n<p>&nbsp;<\/p>\n<p><a href=\"https:\/\/ott.tu.kielce.pl\/wp-content\/uploads\/2023\/09\/Zarz_R_17_23.pdf\">Zarz\u0105dzenie w sprawie okre\u015blenia warto\u015bci komercjalizowanego dobra intelektualnego<\/a><\/p>\n","protected":false},"excerpt":{"rendered":"<p>Regulamin zarz\u0105dzania prawami autorskimi, prawami pokrewnymi i prawami w\u0142asno\u015bci przemys\u0142owej oraz zasad komercjalizacji Za\u0142\u0105czniki do Regulaminu: 1. Formularz zg\u0142oszenia dobra intelektualnego do ochrony 2. Formularz zg\u0142oszenia dobra intelektualnego do komercjalizacji 3. Wniosek o utrzymanie\/zaprzestanie ochrony dobra intelektualnego 4. Oferta przeniesienia praw do dobra intelektualnego 5. Umowa o partycypacji w \u015brodkach z komercjalizacji 6. O\u015bwiadczenie &nbsp;&hellip; <br \/> <a class=\"read-more\" href=\"https:\/\/ott.tu.kielce.pl\/?page_id=3091\">Dowiedz si\u0119 wi\u0119cej<\/a><\/p>\n","protected":false},"author":3,"featured_media":0,"parent":0,"menu_order":0,"comment_status":"closed","ping_status":"closed","template":"","meta":{"footnotes":""},"class_list":["post-3091","page","type-page","status-publish","hentry"],"_links":{"self":[{"href":"https:\/\/ott.tu.kielce.pl\/index.php?rest_route=\/wp\/v2\/pages\/3091","targetHints":{"allow":["GET"]}}],"collection":[{"href":"https:\/\/ott.tu.kielce.pl\/index.php?rest_route=\/wp\/v2\/pages"}],"about":[{"href":"https:\/\/ott.tu.kielce.pl\/index.php?rest_route=\/wp\/v2\/types\/page"}],"author":[{"embeddable":true,"href":"https:\/\/ott.tu.kielce.pl\/index.php?rest_route=\/wp\/v2\/users\/3"}],"replies":[{"embeddable":true,"href":"https:\/\/ott.tu.kielce.pl\/index.php?rest_route=%2Fwp%2Fv2%2Fcomments&post=3091"}],"version-history":[{"count":5,"href":"https:\/\/ott.tu.kielce.pl\/index.php?rest_route=\/wp\/v2\/pages\/3091\/revisions"}],"predecessor-version":[{"id":3177,"href":"https:\/\/ott.tu.kielce.pl\/index.php?rest_route=\/wp\/v2\/pages\/3091\/revisions\/3177"}],"wp:attachment":[{"href":"https:\/\/ott.tu.kielce.pl\/index.php?rest_route=%2Fwp%2Fv2%2Fmedia&parent=3091"}],"curies":[{"name":"wp","href":"https:\/\/api.w.org\/{rel}","templated":true}]}}