{"id":1013,"date":"2018-07-23T11:09:51","date_gmt":"2018-07-23T09:09:51","guid":{"rendered":"http:\/\/ott.tu.kielce.pl\/?page_id=1013"},"modified":"2018-08-22T09:06:33","modified_gmt":"2018-08-22T07:06:33","slug":"katalogi-aparatury","status":"publish","type":"page","link":"https:\/\/ott.tu.kielce.pl\/?page_id=1013","title":{"rendered":"Katalogi aparatury"},"content":{"rendered":"<p style=\"text-align: left;\">Wydzia\u0142 <strong>Budownictwa i Architektury<\/strong>:\u00a0<a href=\"https:\/\/ott.tu.kielce.pl\/wp-content\/uploads\/2018\/07\/Katalog-Budowlany.pdf\">Katalog WBiA<\/a><\/p>\n<p style=\"text-align: left;\">Wydzia\u0142 <strong>Elektrotechniki, Automatyki i Informatyki<\/strong>:\u00a0<a href=\"https:\/\/ott.tu.kielce.pl\/wp-content\/uploads\/2018\/07\/Katalog-Elektryczny.pdf\">Katalog WEAiI<\/a><\/p>\n<p style=\"text-align: left;\">Wydzia\u0142 <strong>In\u017cynierii \u015arodowiska, Geomatyki i Energetyki<\/strong>:\u00a0<a href=\"https:\/\/ott.tu.kielce.pl\/wp-content\/uploads\/2018\/07\/Katalog-\u015arodowisko.pdf\">Katalog WI\u015aGiE<\/a><\/p>\n<p style=\"text-align: left;\">Wydzia\u0142 <strong>Mechatroniki i Budowy Maszyn<\/strong>: <a href=\"https:\/\/ott.tu.kielce.pl\/wp-content\/uploads\/2018\/07\/Katalog-Mechatronika.pdf\">Katalog WMiBM<\/a><\/p>\n<p style=\"text-align: left;\">Wydzia\u0142 <strong>Zarz\u0105dzania i Modelowania Komputerowego<\/strong>:\u00a0<a href=\"https:\/\/ott.tu.kielce.pl\/wp-content\/uploads\/2018\/07\/Katalog-Zarz\u0105dzanie.pdf\">Katalog WZiMK<\/a><\/p>\n<p>&nbsp;<\/p>\n<p>&nbsp;<\/p>\n<p>&nbsp;<\/p>\n","protected":false},"excerpt":{"rendered":"<p>Wydzia\u0142 Budownictwa i Architektury:\u00a0Katalog WBiA Wydzia\u0142 Elektrotechniki, Automatyki i Informatyki:\u00a0Katalog WEAiI Wydzia\u0142 In\u017cynierii \u015arodowiska, Geomatyki i Energetyki:\u00a0Katalog WI\u015aGiE Wydzia\u0142 Mechatroniki i Budowy Maszyn: Katalog WMiBM Wydzia\u0142 Zarz\u0105dzania i Modelowania Komputerowego:\u00a0Katalog WZiMK &nbsp; &nbsp; &nbsp;<\/p>\n","protected":false},"author":3,"featured_media":0,"parent":0,"menu_order":0,"comment_status":"closed","ping_status":"closed","template":"","meta":{"footnotes":""},"class_list":["post-1013","page","type-page","status-publish","hentry"],"_links":{"self":[{"href":"https:\/\/ott.tu.kielce.pl\/index.php?rest_route=\/wp\/v2\/pages\/1013","targetHints":{"allow":["GET"]}}],"collection":[{"href":"https:\/\/ott.tu.kielce.pl\/index.php?rest_route=\/wp\/v2\/pages"}],"about":[{"href":"https:\/\/ott.tu.kielce.pl\/index.php?rest_route=\/wp\/v2\/types\/page"}],"author":[{"embeddable":true,"href":"https:\/\/ott.tu.kielce.pl\/index.php?rest_route=\/wp\/v2\/users\/3"}],"replies":[{"embeddable":true,"href":"https:\/\/ott.tu.kielce.pl\/index.php?rest_route=%2Fwp%2Fv2%2Fcomments&post=1013"}],"version-history":[{"count":0,"href":"https:\/\/ott.tu.kielce.pl\/index.php?rest_route=\/wp\/v2\/pages\/1013\/revisions"}],"wp:attachment":[{"href":"https:\/\/ott.tu.kielce.pl\/index.php?rest_route=%2Fwp%2Fv2%2Fmedia&parent=1013"}],"curies":[{"name":"wp","href":"https:\/\/api.w.org\/{rel}","templated":true}]}}